{"id":502,"date":"2018-01-02T23:01:01","date_gmt":"2018-01-03T04:01:01","guid":{"rendered":"http:\/\/www.erythrospress.com\/bookstore\/?post_type=product&#038;p=502"},"modified":"2020-04-25T20:43:58","modified_gmt":"2020-04-26T00:43:58","slug":"history-of-the-world-crisis-and-other-writings-by-jose-carlos-mariategui","status":"publish","type":"product","link":"https:\/\/www.erythrospress.com\/bookstore\/product\/history-of-the-world-crisis-and-other-writings-by-jose-carlos-mariategui\/","title":{"rendered":"History of the World Crisis and Other Writings by Jos\u00e9 Carlos Mari\u00e1tegui"},"content":{"rendered":"<p>Jos\u00e9 Carlos Mari\u00e1tegui (1894\u00a0 1930), the founder and director of the seminal journal Amauta and of the Peruvian Socialist Party, is regarded as one of Peru&#8217;s, and Latin America&#8217;s most influential and original Marxist thinkers.\u00a0 Indeed, in the three-quarters of a century since his death, interest in Mari\u00e1tegui and his ideas has waned but little, if at all.<\/p>\n<p>The main selection in this volume,\u00a0<em>History of the World Crisis<\/em>, consists of a series of lectures delivered to workers schools by Mari\u00e1tegui upon his return to Peru after a four-year stay in Europe.\u00a0 In those seventeen lectures delivered between June 1923 and January 1924\u00a0 Mari\u00e1tegui insightfully and incisively examines the post-World War world crisis, the weakening of democratic institutions, the paralysis of the League of Nations, the decline of the Second International and the advent of the Russian, German, Hungarian, and Mexican revolutions, describing it as a crisis of Western civilization. This volume represents the first time the record of those lectures is published in full in the English language.<\/p>\n<p>The volume is rounded out with a selection of writings illustrative of Mari\u00e1tegui&#8217;s thinking on topics which may be of particular interest to contemporary readers, and which reflect on some of the principal social movements to have emerged from the world crisis he described: imperialism, fascism, feminism, socialism, and Marxism.<\/p>\n<div>\n<hr \/>\n<p><big>About the Translator<br \/>\n<\/big><\/p>\n<\/div>\n<p>Born in Peru, Juan Rafael Fajardo currently lives in California, where he works as an educator. He holds degrees in Latin American Studies and Sociology from the University of California at Santa Cruz.\u00a0\u00a0 He is a founding member of the <a href=\"https:\/\/www.marxists.org\/\">Marxists Internet Archive<\/a>, where he administers the Spanish-language section and the <a href=\"https:\/\/www.marxists.org\/archive\/mariateg\/index.htm\">Jos\u00e9 Carlos Mari\u00e1tegui Internet Archive<\/a>.<\/p>\n","protected":false},"excerpt":{"rendered":"<p>Jos\u00e9 Carlos Mari\u00e1tegui (1894\u00a0 1930), the founder and director of the seminal journal Amauta and of the Peruvian Socialist Party, is regarded as one of Peru&#8217;s, and Latin America&#8217;s most influential and original Marxist thinkers.\u00a0 Indeed, in the three-quarters of a century since his death, interest in Mari\u00e1tegui and his ideas has waned but little, &#8230; <a title=\"History of the World Crisis and Other Writings by Jos\u00e9 Carlos Mari\u00e1tegui\" class=\"read-more\" href=\"https:\/\/www.erythrospress.com\/bookstore\/product\/history-of-the-world-crisis-and-other-writings-by-jose-carlos-mariategui\/\">Read more <span class=\"screen-reader-text\">History of the World Crisis and Other Writings by Jos\u00e9 Carlos Mari\u00e1tegui<\/span><\/a><\/p>\n","protected":false},"featured_media":503,"template":"","meta":[],"product_cat":[49,46],"product_tag":[47,43,48],"yoast_head":"<!-- This site is optimized with the Yoast SEO plugin v15.2.1 - https:\/\/yoast.com\/wordpress\/plugins\/seo\/ -->\n<title>History of the World Crisis and Other Writings by Jos\u00e9 Carlos Mari\u00e1tegui - Erythros Press and Media<\/title>\n<meta name=\"robots\" content=\"index, follow, max-snippet:-1, max-image-preview:large, max-video-preview:-1\" \/>\n<link rel=\"canonical\" href=\"http:\/\/www.erythrospress.com\/bookstore\/product\/history-of-the-world-crisis-and-other-writings-by-jose-carlos-mariategui\/\" \/>\n<meta property=\"og:locale\" content=\"en_US\" \/>\n<meta property=\"og:type\" content=\"article\" \/>\n<meta property=\"og:title\" content=\"History of the World Crisis and Other Writings by Jos\u00e9 Carlos Mari\u00e1tegui - Erythros Press and Media\" \/>\n<meta property=\"og:description\" content=\"Jos\u00e9 Carlos Mari\u00e1tegui (1894\u00a0 1930), the founder and director of the seminal journal Amauta and of the Peruvian Socialist Party, is regarded as one of Peru&#8217;s, and Latin America&#8217;s most influential and original Marxist thinkers.\u00a0 Indeed, in the three-quarters of a century since his death, interest in Mari\u00e1tegui and his ideas has waned but little, ... Read more History of the World Crisis and Other Writings by Jos\u00e9 Carlos Mari\u00e1tegui\" \/>\n<meta property=\"og:url\" content=\"http:\/\/www.erythrospress.com\/bookstore\/product\/history-of-the-world-crisis-and-other-writings-by-jose-carlos-mariategui\/\" \/>\n<meta property=\"og:site_name\" content=\"Erythros Press and Media\" \/>\n<meta property=\"article:modified_time\" content=\"2020-04-26T00:43:58+00:00\" \/>\n<meta property=\"og:image\" content=\"https:\/\/www.erythrospress.com\/bookstore\/wp-content\/uploads\/2020\/04\/mariategui-lg.jpg\" \/>\n\t<meta property=\"og:image:width\" content=\"800\" \/>\n\t<meta property=\"og:image:height\" content=\"800\" \/>\n<meta name=\"twitter:card\" content=\"summary_large_image\" \/>\n<meta name=\"twitter:label1\" content=\"Written by\">\n\t<meta name=\"twitter:data1\" content=\"admin\">\n\t<meta name=\"twitter:label2\" content=\"Est. reading time\">\n\t<meta name=\"twitter:data2\" content=\"1 minute\">\n<script type=\"application\/ld+json\" class=\"yoast-schema-graph\">{\"@context\":\"https:\/\/schema.org\",\"@graph\":[{\"@type\":\"WebSite\",\"@id\":\"https:\/\/www.erythrospress.com\/bookstore\/#website\",\"url\":\"https:\/\/www.erythrospress.com\/bookstore\/\",\"name\":\"Erythros Press and Media\",\"description\":\"Politics, Psychology, and Soviet-Era History\",\"potentialAction\":[{\"@type\":\"SearchAction\",\"target\":\"https:\/\/www.erythrospress.com\/bookstore\/?s={search_term_string}\",\"query-input\":\"required name=search_term_string\"}],\"inLanguage\":\"en\"},{\"@type\":\"ImageObject\",\"@id\":\"http:\/\/www.erythrospress.com\/bookstore\/product\/history-of-the-world-crisis-and-other-writings-by-jose-carlos-mariategui\/#primaryimage\",\"inLanguage\":\"en\",\"url\":\"https:\/\/www.erythrospress.com\/bookstore\/wp-content\/uploads\/2020\/04\/mariategui-lg.jpg\",\"width\":800,\"height\":800,\"caption\":\"book cover\"},{\"@type\":\"WebPage\",\"@id\":\"http:\/\/www.erythrospress.com\/bookstore\/product\/history-of-the-world-crisis-and-other-writings-by-jose-carlos-mariategui\/#webpage\",\"url\":\"http:\/\/www.erythrospress.com\/bookstore\/product\/history-of-the-world-crisis-and-other-writings-by-jose-carlos-mariategui\/\",\"name\":\"History of the World Crisis and Other Writings by Jos\\u00e9 Carlos Mari\\u00e1tegui - Erythros Press and Media\",\"isPartOf\":{\"@id\":\"https:\/\/www.erythrospress.com\/bookstore\/#website\"},\"primaryImageOfPage\":{\"@id\":\"http:\/\/www.erythrospress.com\/bookstore\/product\/history-of-the-world-crisis-and-other-writings-by-jose-carlos-mariategui\/#primaryimage\"},\"datePublished\":\"2018-01-03T04:01:01+00:00\",\"dateModified\":\"2020-04-26T00:43:58+00:00\",\"inLanguage\":\"en\",\"potentialAction\":[{\"@type\":\"ReadAction\",\"target\":[\"http:\/\/www.erythrospress.com\/bookstore\/product\/history-of-the-world-crisis-and-other-writings-by-jose-carlos-mariategui\/\"]}]}]}<\/script>\n<!-- \/ Yoast SEO plugin. -->","_links":{"self":[{"href":"https:\/\/www.erythrospress.com\/bookstore\/wp-json\/wp\/v2\/product\/502"}],"collection":[{"href":"https:\/\/www.erythrospress.com\/bookstore\/wp-json\/wp\/v2\/product"}],"about":[{"href":"https:\/\/www.erythrospress.com\/bookstore\/wp-json\/wp\/v2\/types\/product"}],"wp:featuredmedia":[{"embeddable":true,"href":"https:\/\/www.erythrospress.com\/bookstore\/wp-json\/wp\/v2\/media\/503"}],"wp:attachment":[{"href":"https:\/\/www.erythrospress.com\/bookstore\/wp-json\/wp\/v2\/media?parent=502"}],"wp:term":[{"taxonomy":"product_cat","embeddable":true,"href":"https:\/\/www.erythrospress.com\/bookstore\/wp-json\/wp\/v2\/product_cat?post=502"},{"taxonomy":"product_tag","embeddable":true,"href":"https:\/\/www.erythrospress.com\/bookstore\/wp-json\/wp\/v2\/product_tag?post=502"}],"curies":[{"name":"wp","href":"https:\/\/api.w.org\/{rel}","templated":true}]}}